f 537?
False
Is 11062 a multiple of 165?
False
Does 30 divide 5430?
True
Is 60209 a multiple of 248?
False
Does 23 divide 3286?
False
Is 7 a factor of 749?
True
Is 17 a factor of 9957?
False
Is 7 a factor of 144?
False
Does 14 divide 3612?
True
Does 25 divide 2533?
False
Is 25942 a multiple of 32?
False
Is 5 a factor of 375?
True
Is 6 a factor of 35047?
False
Is 43719 a multiple of 41?
False
Does 36 divide 4772?
False
Does 54 divide 18954?
True
Is 222 a factor of 47730?
True
Does 2 divide 2950?
True
Is 16 a factor of 25310?
False
Is 143 a factor of 25492?
False
Is 37 a factor of 5883?
True
Is 3 even?
False
Is 16 a factor of 1040?
True
Is 352 a multiple of 27?
False
Does 4 divide 296?
True
Does 22 divide 553?
False
Does 8 divide 8534?
False
Does 84 divide 153?
False
Is 33 a factor of 1023?
True
Is 12 a factor of 1056?
True
Is 9 a factor of 4536?
True
Is 30 a factor of 1980?
True
Does 6 divide 911?
False
Is 6414 a multiple of 69?
False
Is 4395 a multiple of 15?
True
Is 10280 a multiple of 8?
True
Is 874 a multiple of 60?
False
Is 10 a factor of 560?
True
Is 949 a multiple of 73?
True
Is 310 a multiple of 4?
False
Does 129 divide 10965?
True
Does 8 divide 21684?
False
Is 76 a factor of 1620?
False
Does 8 divide 142?
False
Is 28 a factor of 16554?
False
Is 77 a factor of 2233?
True
Does 5 divide 4900?
True
Is 20 a factor of 8603?
False
Does 16 divide 526?
False
Does 158 divide 42344?
True
Does 7 divide 46?
False
Is 38 a factor of 20066?
False
Is 426 a multiple of 3?
True
Is 319 a factor of 75922?
True
Does 109 divide 17004?
True
Is 9648 a multiple of 72?
True
Is 14 a factor of 40824?
True
Is 1859 a multiple of 78?
False
Is 2200 a multiple of 22?
True
Is 30 a factor of 1680?
True
Is 27 a factor of 4486?
False
Is 1613 a multiple of 37?
False
Is 143 a multiple of 18?
False
Is 3264 a multiple of 34?
True
Is 17 a factor of 748?
True
Is 15 a factor of 5019?
False
Is 21716 a multiple of 64?
False
Does 110 divide 3630?
True
Is 36390 a multiple of 5?
True
Is 13935 a multiple of 15?
True
Is 480 a multiple of 5?
True
Is 10143 a multiple of 21?
True
Is 47538 a multiple of 19?
True
Does 21 divide 40656?
True
Is 31680 a multiple of 131?
False
Does 50 divide 500?
True
Is 1697 a multiple of 19?
False
Is 52 a factor of 865?
False
Is 4 a factor of 4351?
False
Is 7015 a multiple of 10?
False
Does 5 divide 835?
True
Is 45 a factor of 65430?
True
Does 122 divide 15006?
True
Is 11 a factor of 1232?
True
Does 40 divide 157?
False
Does 20 divide 3220?
True
Is 235 a multiple of 6?
False
Does 13 divide 8547?
False
Is 5217 a multiple of 15?
False
Is 24214 a multiple of 18?
False
Is 7925 a multiple of 18?
False
Does 18 divide 36?
True
Is 5960 a multiple of 20?
True
Is 19170 a multiple of 142?
True
Is 77 a factor of 53070?
False
Is 8541 a multiple of 117?
True
Does 13 divide 7124?
True
Is 17 a factor of 221?
True
Is 7213 a multiple of 35?
False
Does 16 divide 9296?
True
Does 5 divide 175?
True
Does 49 divide 32133?
False
Is 118465 a multiple of 145?
True
Is 7 a factor of 1576?
False
Does 14 divide 7814?
False
Does 7 divide 128?
False
Does 32 divide 3087?
False
Does 20 divide 2220?
True
Is 1871 a multiple of 11?
False
Is 5 a factor of 3198?
False
Is 20009 a multiple of 11?
True
Is 75 a factor of 2824?
False
Is 2871 a multiple of 99?
True
Is 8 a factor of 1584?
True
Is 22 a factor of 45782?
True
Does 35 divide 70?
True
Is 2835 a multiple of 35?
True
Is 57 a factor of 23541?
True
Does 15 divide 958?
False
Does 3 divide 126?
True
Does 83 divide 756?
False
Is 20 a factor of 5336?
False
Does 3 divide 16146?
True
Is 65 a factor of 12821?
False
Is 50 a factor of 1559?
False
Is 188 a factor of 7144?
True
Is 15 a multiple of 14?
False
Is 15715 a multiple of 8?
False
Is 2903 a multiple of 136?
False
Is 28401 a multiple of 42?
False
Does 7 divide 2779?
True
Is 220 a multiple of 22?
True
Is 805 a multiple of 19?
False
Is 2090 a multiple of 62?
False
Does 25 divide 19107?
False
Does 61 divide 2968?
False
Is 95 a factor of 65362?
False
Is 30 a factor of 10058?
False
Does 129 divide 10813?
False
Is 907 a multiple of 34?
False
Is 12 a factor of 2146?
False
Does 3 divide 2504?
False
Does 49 divide 2058?
True
Is 4568 a multiple of 24?
False
Does 223 divide 12195?
False
Is 14 a factor of 45923?
False
Does 51 divide 242?
False
Is 1499 a multiple of 3?
False
Is 8627 a multiple of 16?
False
Is 1190 a multiple of 14?
True
Is 241 a factor of 69559?
False
Is 23 a factor of 1886?
True
Is 5436 a multiple of 21?
False
Is 273 a multiple of 39?
True
Is 16 a factor of 12835?
False
Is 38250 a multiple of 25?
True
Is 8 a factor of 240?
True
Does 5 divide 390?
True
Is 1092 a multiple of 52?
True
Does 14 divide 210?
True
Is 59167 a multiple of 150?
False
Is 21718 a multiple of 35?
False
Does 10 divide 1745?
False
Does 8 divide 11711?
False
Is 104 a factor of 17368?
True
Does 97 divide 1570?
False
Is 20 a factor of 3260?
True
Is 16 a factor of 7154?
False
Does 191 divide 41404?
False
Is 9279 a multiple of 4?
False
Is 1769 a multiple of 60?
False
Is 68 a factor of 1904?
True
Does 10 divide 7190?
True
Is 6298 a multiple of 94?
True
Does 8 divide 5184?
True
Does 28 divide 207?
False
Is 10 a factor of 3340?
True
Is 15 a factor of 6690?
True
Is 10 a factor of 16250?
True
Is 199 a multiple of 7?
False
Is 13 a factor of 780?
True
Does 15 divide 67575?
True
Is 12 a factor of 312?
True
Is 3429 a multiple of 8?
False
Does 28 divide 252?
True
Is 6 a factor of 102?
True
Does 71 divide 19197?
False
Is 16430 a multiple of 106?
True
Is 4787 a multiple of 13?
False
Is 33 a factor of 7821?
True
Is 5 a factor of 2634?
False
Is 574 a multiple of 14?
True
Is 1360 a multiple of 29?
False
Is 13 a factor of 5837?
True
Is 6 a factor of 164?
False
Is 25 a factor of 26264?
False
Does 31 divide 7664?
False
Is 62 a factor of 1436?
False
Does 26 divide 1066?
True
Is 27846 a multiple of 153?
True
Does 8 divide 2532?
False
Is 113 a multiple of 39?
False
Is 9088 a multiple of 64?
True
Does 101 divide 6666?
True
Does 21 divide 20937?
True
Does 5 divide 365?
True
Is 214 a multiple of 11?
False
Does 67 divide 159?
False
Is 3 a factor of 213?
True
Is 3457 a multiple of 15?
False
Does 15 divide 1047?
False
Does 11 divide 4939?
True
Is 67635 a multiple of 27?
True
Does 7 divide 8851?
False
Is 50694 a multiple of 82?
False
Is 10 a factor of 390?
True
Is 3 a factor of 66?
True
Is 69 a factor of 69?
True
Does 31 divide 1891?
True
Is 14 a factor of 13132?
True
Is 22010 a multiple of 5?
True
Does 7 divide 241?
False
Does 38 divide 456?
True
Is 24335 a multiple of 90?
False
Is 551 a multiple of 29?
True
Does 13 divide 61516?
True
Does 115 divide 4140?
True
Is 93 a factor of 3534?
True
Is 40 a factor of 40?
True
Does 15 divide 4527?
False
Does 50 divide 1950?
True
Does 57 divide 7980?
True
Is 3 a factor of 60?
True
Is 42 a factor of 1974?
True
Does 8 divide 1800?
True
Is 5 a factor of 4995?
True
Is 4 a factor of 151?
False
Does 21 divide 2666?
False
Does 50 divide 30800?
True
Is 30 a factor of 90?
True
Is 38474 a multiple of 26?
False
Is 29 a factor of 420?
False
Is 1612 a multiple of 52?
True
Is 1120 a multiple of 7?
True
Is 2006 a multiple of 16?
False
Is 932 a multiple of 38?
False
Does 45 divide 585?
True
Is 180 a factor of 8119?
False
Does 28 divide 6029?
False
Is 32 a factor of 12256?
True
Is 15 a factor of 2145?
True
Does 40 divide 3520?
True
Is 24 a factor of 141936?
True
Does 30 divide 551?
False
Is 2697 a multiple of 61?
False
Does 36 divide 6912?
True
Is 21485 a multiple of 35?
False
Is 9660 a multiple of 35?
True
Does 9 divide 8223?
False
Is 250 a multiple of 25?
True
Is 7 a factor of 36491?
True
Is 8715 a multiple of 35?
True
Does 8 divide 2896?
True
Does 10 divide 10315?
False
Is 43 a factor of 647?
False
Is 35655 a multiple of 15?
True
Is 6840 a multiple of 45?
True
Is 76 a factor of 23263?
False
Is 164 a multiple of 2?
True
Is 387 a multiple of 3?
True
Is 33 a factor of 1637?
False
Does 11 divide 1082?
False
Is 1979 a multiple of 24?
False
Is 19 a factor of 817?
True
Does 39 divide 3627?
True
Is 1530 a multiple of 9?
True
Does 20 divide 16963?
False
Does 168 divide 504?
True
Is 2142 a multiple of 34?
True
Does 16 divide 1341?
False
Is 5819 a multiple of 4?
False
Is 17160 a multiple of 33?
True
Does 7 divide 728?
True
Is 11126 a multipl